{"id":6,"date":"2010-03-06T21:39:59","date_gmt":"2010-03-06T20:39:59","guid":{"rendered":"http:\/\/blog.nico-wiegmann.de\/mitglied-werden\/"},"modified":"2019-09-18T20:33:44","modified_gmt":"2019-09-18T19:33:44","slug":"mitglied-werden","status":"publish","type":"page","link":"https:\/\/www.foerderverein-gs-eltze.de\/?page_id=6","title":{"rendered":"Mitglied werden"},"content":{"rendered":"\n<p>Wir w\u00fcrden uns freuen, wenn Sie Mitglied im F\u00f6rderverein werden w\u00fcrden.&nbsp;Mit Ihrem Mitgliedsbeitrag unterst\u00fctzen Sie die Grundschule Eltze und Ihre Sch\u00fcler.<\/p>\n\n\n\n<p>Mitglied werden ist ganz einfach:<br>F\u00fcllen Sie einfach das folgende Formular aus. Wir werden uns dann zur \u00dcberpr\u00fcfung nochmals pers\u00f6nlich mit Ihnen in Verbindung setzen.<\/p>\n\n\n\n<p>Der Mitgliedsbeitrag betr\u00e4gt 15 \u20ac pro Jahr.<\/p>\n\n\n\n<p>Gut angelegtest Geld. Wenn Sie sich Fragen wof\u00fcr wir die Mitgliedsbeitr\u00e4ge ausgeben finden Sie hier einige <a href=\"https:\/\/www.foerderverein-gs-eltze.de\/?page_id=321\">Beispiele von Aktionen, die wir bezuschusst haben<\/a>.<\/p>\n\n\n\n<div class=\"wpcf7 no-js\" id=\"wpcf7-f464-o1\" lang=\"en-US\" dir=\"ltr\" data-wpcf7-id=\"464\">\n<div class=\"screen-reader-response\"><p role=\"status\" aria-live=\"polite\" aria-atomic=\"true\"><\/p> <ul><\/ul><\/div>\n<form action=\"\/index.php?rest_route=%2Fwp%2Fv2%2Fpages%2F6#wpcf7-f464-o1\" method=\"post\" class=\"wpcf7-form init\" aria-label=\"Contact form\" novalidate=\"novalidate\" data-status=\"init\">\n<div style=\"display: none;\">\n<input type=\"hidden\" name=\"_wpcf7\" value=\"464\" \/>\n<input type=\"hidden\" name=\"_wpcf7_version\" value=\"6.0\" \/>\n<input type=\"hidden\" name=\"_wpcf7_locale\" value=\"en_US\" \/>\n<input type=\"hidden\" name=\"_wpcf7_unit_tag\" value=\"wpcf7-f464-o1\" \/>\n<input type=\"hidden\" name=\"_wpcf7_container_post\" value=\"0\" \/>\n<input type=\"hidden\" name=\"_wpcf7_posted_data_hash\" value=\"\" \/>\n<\/div>\n\n<p>Hiermit erkl\u00e4re ich meinen Beitritt zum F\u00f6rderverein der Grundschule Eltze e.V.\n<\/p>\n<p>Vor- und Nachname\n<\/p>\n<p><span class=\"wpcf7-form-control-wrap\" data-name=\"nachname\"><input size=\"40\" maxlength=\"400\" class=\"wpcf7-form-control wpcf7-text wpcf7-validates-as-required\" aria-required=\"true\" aria-invalid=\"false\" value=\"\" type=\"text\" name=\"nachname\" \/><\/span>\n<\/p>\n<p>E-Mail-Adresse\n<\/p>\n<p><span class=\"wpcf7-form-control-wrap\" data-name=\"email\"><input size=\"40\" maxlength=\"400\" class=\"wpcf7-form-control wpcf7-email wpcf7-validates-as-required wpcf7-text wpcf7-validates-as-email\" aria-required=\"true\" aria-invalid=\"false\" value=\"\" type=\"email\" name=\"email\" \/><\/span>\n<\/p>\n<p>Strasse und Hausnummer\n<\/p>\n<p><span class=\"wpcf7-form-control-wrap\" data-name=\"strasse\"><input size=\"40\" maxlength=\"400\" class=\"wpcf7-form-control wpcf7-text wpcf7-validates-as-required\" aria-required=\"true\" aria-invalid=\"false\" value=\"\" type=\"text\" name=\"strasse\" \/><\/span>\n<\/p>\n<p>PLZ\/Ort\n<\/p>\n<p><span class=\"wpcf7-form-control-wrap\" data-name=\"plzort\"><input size=\"40\" maxlength=\"400\" class=\"wpcf7-form-control wpcf7-text wpcf7-validates-as-required\" aria-required=\"true\" aria-invalid=\"false\" value=\"\" type=\"text\" name=\"plzort\" \/><\/span>\n<\/p>\n<p><br \/>\nIch erm\u00e4chtige den F\u00f6rderverein f\u00fcr die Dauer meiner Mitgliedschaft den Jahresbeitrag von 15 EUR von meinem folgenden Konto abzubuchen:\n<\/p>\n<p>IBAN\n<\/p>\n<p><span class=\"wpcf7-form-control-wrap\" data-name=\"IBAN\"><input size=\"40\" maxlength=\"400\" class=\"wpcf7-form-control wpcf7-text wpcf7-validates-as-required\" aria-required=\"true\" aria-invalid=\"false\" value=\"\" type=\"text\" name=\"IBAN\" \/><\/span>\n<\/p>\n<p>Als Sicherheits\u00fcberpr\u00fcfung geben Sie bitte die folgende Zeichenfolge ein\n<\/p>\n<p><input type=\"hidden\" name=\"_wpcf7_captcha_challenge_captcha-361\" value=\"4165045387\" \/><img loading=\"lazy\" decoding=\"async\" class=\"wpcf7-form-control wpcf7-captchac wpcf7-captcha-captcha-361\" width=\"72\" height=\"24\" alt=\"captcha\" src=\"https:\/\/www.foerderverein-gs-eltze.de\/wp-content\/uploads\/wpcf7_captcha\/4165045387.png\" \/>\n<\/p>\n<p><span class=\"wpcf7-form-control-wrap\" data-name=\"captcha-361\"><input size=\"40\" class=\"wpcf7-form-control wpcf7-captchar\" autocomplete=\"off\" aria-invalid=\"false\" value=\"\" type=\"text\" name=\"captcha-361\" \/><\/span>\n<\/p>\n<p><input class=\"wpcf7-form-control wpcf7-submit has-spinner\" type=\"submit\" value=\"Beitrittserkl\u00e4rung absenden\" \/>\n<\/p><p style=\"display: none !important;\" class=\"akismet-fields-container\" data-prefix=\"_wpcf7_ak_\"><label>&#916;<textarea name=\"_wpcf7_ak_hp_textarea\" cols=\"45\" rows=\"8\" maxlength=\"100\"><\/textarea><\/label><input type=\"hidden\" id=\"ak_js_1\" name=\"_wpcf7_ak_js\" value=\"93\"\/><script>document.getElementById( \"ak_js_1\" ).setAttribute( \"value\", ( new Date() ).getTime() );<\/script><\/p><div class=\"wpcf7-response-output\" aria-hidden=\"true\"><\/div>\n<\/form>\n<\/div>\n\n","protected":false},"excerpt":{"rendered":"<p>Wir w\u00fcrden uns freuen, wenn Sie Mitglied im F\u00f6rderverein werden w\u00fcrden.&nbsp;Mit Ihrem Mitgliedsbeitrag unterst\u00fctzen Sie die Grundschule Eltze und Ihre Sch\u00fcler. Mitglied werden ist ganz einfach:F\u00fcllen Sie einfach das folgende Formular aus. Wir werden uns dann zur \u00dcberpr\u00fcfung nochmals pers\u00f6nlich [&hellip;]<\/p>\n","protected":false},"author":1,"featured_media":0,"parent":0,"menu_order":20,"comment_status":"closed","ping_status":"open","template":"","meta":{"ngg_post_thumbnail":0,"footnotes":""},"class_list":["post-6","page","type-page","status-publish","hentry"],"_links":{"self":[{"href":"https:\/\/www.foerderverein-gs-eltze.de\/index.php?rest_route=\/wp\/v2\/pages\/6","targetHints":{"allow":["GET"]}}],"collection":[{"href":"https:\/\/www.foerderverein-gs-eltze.de\/index.php?rest_route=\/wp\/v2\/pages"}],"about":[{"href":"https:\/\/www.foerderverein-gs-eltze.de\/index.php?rest_route=\/wp\/v2\/types\/page"}],"author":[{"embeddable":true,"href":"https:\/\/www.foerderverein-gs-eltze.de\/index.php?rest_route=\/wp\/v2\/users\/1"}],"replies":[{"embeddable":true,"href":"https:\/\/www.foerderverein-gs-eltze.de\/index.php?rest_route=%2Fwp%2Fv2%2Fcomments&post=6"}],"version-history":[{"count":18,"href":"https:\/\/www.foerderverein-gs-eltze.de\/index.php?rest_route=\/wp\/v2\/pages\/6\/revisions"}],"predecessor-version":[{"id":775,"href":"https:\/\/www.foerderverein-gs-eltze.de\/index.php?rest_route=\/wp\/v2\/pages\/6\/revisions\/775"}],"wp:attachment":[{"href":"https:\/\/www.foerderverein-gs-eltze.de\/index.php?rest_route=%2Fwp%2Fv2%2Fmedia&parent=6"}],"curies":[{"name":"wp","href":"https:\/\/api.w.org\/{rel}","templated":true}]}}