{"id":793,"date":"2019-09-18T21:09:34","date_gmt":"2019-09-18T20:09:34","guid":{"rendered":"http:\/\/www.foerderverein-gs-eltze.de\/?page_id=793"},"modified":"2021-07-23T19:14:48","modified_gmt":"2021-07-23T18:14:48","slug":"start","status":"publish","type":"page","link":"https:\/\/www.foerderverein-gs-eltze.de\/","title":{"rendered":"\u201eZueinander \u2013 F\u00fcreinander \u2013 Miteinander\u201c"},"content":{"rendered":"\n<p>Mit diesem Motto verkn\u00fcpfen wir folgende Vorstellungen:<\/p>\n\n\n\n<div class=\"wp-block-group\"><div class=\"wp-block-group__inner-container is-layout-flow wp-block-group-is-layout-flow\">\n<p class=\"has-text-align-left\"><strong>Zueinander<\/strong> stehen und finden; nicht f\u00fcr sich isoliert, sondern aktiv im&nbsp;   stetigen B\u00fcndnis mit der Schule, den Eltern und Ihren Kindern                                                <\/p>\n<\/div><\/div>\n\n\n\n<p><strong>F\u00fcreinander<\/strong> da sein und helfen; sich bei Projekten \/ Aktivit\u00e4ten der Schule gemeinsam und gegenseitig unterst\u00fctzen  <\/p>\n\n\n\n<p><strong>Miteinander<\/strong> reden und zusammenarbeiten; der st\u00e4ndige Kontakt und&nbsp; der rege Austausch mit Mitgliedern, Eltern und der Schule<\/p>\n\n\n\n<p><\/p>\n","protected":false},"excerpt":{"rendered":"<p>Mit diesem Motto verkn\u00fcpfen wir folgende Vorstellungen: Zueinander stehen und finden; nicht f\u00fcr sich isoliert, sondern aktiv im&nbsp; stetigen B\u00fcndnis mit der Schule, den Eltern und Ihren Kindern F\u00fcreinander da sein und helfen; sich bei Projekten \/ Aktivit\u00e4ten der Schule [&hellip;]<\/p>\n","protected":false},"author":1,"featured_media":0,"parent":0,"menu_order":0,"comment_status":"closed","ping_status":"closed","template":"","meta":{"ngg_post_thumbnail":0,"footnotes":""},"class_list":["post-793","page","type-page","status-publish","hentry"],"_links":{"self":[{"href":"https:\/\/www.foerderverein-gs-eltze.de\/index.php?rest_route=\/wp\/v2\/pages\/793","targetHints":{"allow":["GET"]}}],"collection":[{"href":"https:\/\/www.foerderverein-gs-eltze.de\/index.php?rest_route=\/wp\/v2\/pages"}],"about":[{"href":"https:\/\/www.foerderverein-gs-eltze.de\/index.php?rest_route=\/wp\/v2\/types\/page"}],"author":[{"embeddable":true,"href":"https:\/\/www.foerderverein-gs-eltze.de\/index.php?rest_route=\/wp\/v2\/users\/1"}],"replies":[{"embeddable":true,"href":"https:\/\/www.foerderverein-gs-eltze.de\/index.php?rest_route=%2Fwp%2Fv2%2Fcomments&post=793"}],"version-history":[{"count":7,"href":"https:\/\/www.foerderverein-gs-eltze.de\/index.php?rest_route=\/wp\/v2\/pages\/793\/revisions"}],"predecessor-version":[{"id":944,"href":"https:\/\/www.foerderverein-gs-eltze.de\/index.php?rest_route=\/wp\/v2\/pages\/793\/revisions\/944"}],"wp:attachment":[{"href":"https:\/\/www.foerderverein-gs-eltze.de\/index.php?rest_route=%2Fwp%2Fv2%2Fmedia&parent=793"}],"curies":[{"name":"wp","href":"https:\/\/api.w.org\/{rel}","templated":true}]}}

„Zueinander – Füreinander – Miteinander“

<p>Mit diesem Motto verknüpfen wir folgende Vorstellungen:</p>



<div class="wp-block-group"><div class="wp-block-group__inner-container is-layout-flow wp-block-group-is-layout-flow">
<p class="has-text-align-left"><strong>Zueinander</strong> stehen und finden; nicht für sich isoliert, sondern aktiv im&nbsp;   stetigen Bündnis mit der Schule, den Eltern und Ihren Kindern                                                </p>
</div></div>



<p><strong>Füreinander</strong> da sein und helfen; sich bei Projekten / Aktivitäten der Schule gemeinsam und gegenseitig unterstützen  </p>



<p><strong>Miteinander</strong> reden und zusammenarbeiten; der ständige Kontakt und&nbsp; der rege Austausch mit Mitgliedern, Eltern und der Schule</p>



<p></p>

<p>Mit diesem Motto verknüpfen wir folgende Vorstellungen: Zueinander stehen und finden; nicht für sich isoliert, sondern aktiv im&nbsp; stetigen Bündnis mit der Schule, den Eltern und Ihren Kindern Füreinander da sein und helfen; sich bei Projekten / Aktivitäten der Schule [&hellip;]</p>
